m - 411. List the prime factors of m.
7, 29
Let s(c) = 2*c - 3. Suppose 0 = k + 4*k + 30. Let y = k + 9. What are the prime factors of s(y)?
3
Suppose -4*p + 19 = -17. Let c(l) = -l**2 + 8*l + 5. Let k be c(p). List the prime factors of (-3)/(-12) + (-7)/k.
2
Let a = 17 + -7. Suppose 3*k - a = 2*o - k, -45 = -4*o - 5*k. What are the prime factors of o?
5
Let v = 126 - -39. What are the prime factors of v?
3, 5, 11
Suppose -2*v + 0*v = 6. Let q be v + (4 - 3 - -3). Suppose 0 = 3*h + m - 28, m + q = -1. What are the prime factors of h?
2, 5
What are the prime factors of 483/14*4/6?
23
Let z = 4 + 1. Suppose 5*k = -15, -t - 4*k = -0*t - z. What are the prime factors of t?
17
Let v(q) = 3*q + 1. Let l be v(-1). Let z(g) = -7*g - 1. List the prime factors of z(l).
13
Let i(f) = f**3 + 0*f**3 - 3*f**2 - 8*f - 4 + 9. List the prime factors of i(5).
3, 5
Let d(h) = -h**3 - h**2 + h - 2. Let r(n) = -3*n**3 - n**2 + 3*n - 4. Let i(l) = 5*d(l) - 2*r(l). List the prime factors of i(4).
2, 5
Let s(t) = t**3 - 4*t**2 - 6*t - 2. Let d be s(6). Suppose 3*k + 4*v - 29 = 22, d = 2*k + v. List the prime factors of k.
17
Let x(z) = -7*z**2 - 4*z + 34. Let v(b) = 6*b**2 + 3*b - 35. Let f(u) = -6*v(u) - 5*x(u). List the prime factors of f(0).
2, 5
Let o = 1 - -5. Let s = o + -4. Suppose 0 - s = -c. List the prime factors of c.
2
Suppose 2*c - 3*k = 6, -5*c = k - 2*k - 15. Let w = c - -2. What are the prime factors of w?
5
Let p(v) = v**2 + 3*v. List the prime factors of p(11).
2, 7, 11
Let b(p) = 0*p - 3*p**2 + 4 + p**3 + 0 - 3 + 3*p. List the prime factors of b(3).
2, 5
Suppose 5*f = 2*m + 13, 0 = m + 3*m + 5*f + 11. Let u(a) = -2*a + 4. What are the prime factors of u(m)?
2, 3
List the prime factors of 42 - 6/(-1 - -4).
2, 5
List the prime factors of 23 + 0/((-4)/2).
23
Suppose 2*m + 74 = 4*m. Let b = m + -4. What are the prime factors of b?
3, 11
Let w(k) be the second derivative of -k**3/6 + 2*k. Let y be (-4)/6*18/3. What are the prime factors of w(y)?
2
Suppose -4*j = 2*j - 702. List the prime factors of j.
3, 13
Let b(i) = 3*i**2 + 28*i + 28. Let v(p) = -p**2 - 9*p - 9. Let l(w) = 2*b(w) + 7*v(w). List the prime factors of l(-4).
5
Suppose -q - 2*q + 3*r = -51, 104 = 4*q + 5*r. Let x = -28 + 22. Let h = q + x. What are the prime factors of h?
3, 5
Let p be 13/(-6) + 3/18. List the prime factors of ((-17)/1)/(2/p).
17
Let t(n) = 9*n - 5. What are the prime factors of t(2)?
13
Let q = -2 + 4. Suppose q*i + 0*i = 4*d - 10, -5*d - 3*i + 29 = 0. What are the prime factors of d?
2
List the prime factors of ((-18)/(-12))/(0 - 3)*-98.
7
Let c(o) be the first derivative of -o**2/2 + 1. What are the prime factors of c(-4)?
2
Let p be (-9)/(-36) + (-2)/8. Suppose 4*b + 3*z - 71 = 0, p*b + 4*b - 5*z - 95 = 0. List the prime factors of b.
2, 5
Suppose -d + 50 = -88. What are the prime factors of d?
2, 3, 23
Let u(q) = -q**2 + 13*q + 9. Let c be u(12). What are the prime factors of c/1 + (-7 - -9)?
23
Let b(v) = v**2 - 7*v + 2. Let x be b(6). List the prime factors of (-36)/21*(-3 + x).
2, 3
Suppose -4*d + 4 = 0, -2*d + d = 5*t - 116. List the prime factors of t.
23
Suppose 0 = -2*m + 3*s + 2 + 2, -2*s = 0. Suppose -2*w = -5*u - 5 - 7, -m*w - 3*u + 28 = 0. What are the prime factors of w?
11
List the prime factors of (-490)/(-4) + 0 + (-9)/6.
11
List the prime factors of 2/(-12) + 7/(168/8740).
2, 7, 13
Let t be (21/4)/((-1)/(-4)). Let o be (5/(-4))/(3/(-12)). Suppose -9 = -2*w - o*u, 3*u = w - 0*u - t. List the prime factors of w.
2, 3
Let q be ((-3)/(-3)*-122)/2. Let c = q + 90. List the prime factors of c.
29
Let f be ((-4)/6)/(1/(-21)). Suppose 0 = 4*m + w - 22, -2*m + 8 = -w - 0. Let o = f - m. What are the prime factors of o?
3
Let b = 36 + -3. What are the prime factors of b?
3, 11
Suppose 10*d = 5*d + 5. Let b be (d/(-2))/(2/(-32)). Suppose -5*f = -4*f - b. What are the prime factors of f?
2
Let j be (12/15)/(1/(-15)). Let i = 17 + -19. What are the prime factors of i/(j/(-9))*-6?
3
Let j be 2/(0/(-1) - -2). Let z = 0 - j. What are the prime factors of z - -3*(1 - -2)?
2
Suppose 2*d = 10, -2*q + d + 331 = -30. What are the prime factors of q?
3, 61
Suppose 2*l + m = 4*m - 2, 0 = m - 2. Suppose l*p + 36 = 12. Let b = p + 17. What are the prime factors of b?
5
Suppose 61 = -5*f + 326. List the prime factors of f.
53
Suppose 0 = -4*y + 2*y + 12. Suppose 0 = 5*q + y + 24. What are the prime factors of (6/4)/(q/(-32))?
2
Suppose -10*s + 16*s - 468 = 0. What are the prime factors of s?
2, 3, 13
Suppose 4 = 2*g - 2. Suppose 2*p - 37 = -g. List the prime factors of p.
17
Let o = -97 - -166. What are the prime factors of o?
3, 23
Let s = 128 - 76. What are the prime factors of s?
2, 13
Let c(v) = 0 + 4*v**2 - v**3 - 3*v + 2 + 2 + 3*v**2. What are the prime factors of c(6)?
2, 11
Suppose 0 = m - 6*m - 60. Let c = -7 - m. List the prime factors of c.
5
Suppose 100 = -c + 5*c. Suppose -3*r + 2*r = p - 7, 0 = 5*p - c. Suppose -24 = r*x - 6*x. What are the prime factors of x?
2, 3
Let u be (-40)/(-18) - 2/9. Let y(d) = 3 - 3 - u + d. List the prime factors of y(9).
7
Let r = -136 + 190. List the prime factors of r.
2, 3
Suppose -180 = r - 6*r + 5*y, y + 4 = 0. What are the prime factors of r?
2
Suppose i - 24 = 37. List the prime factors of i.
61
Let q = -9 - -35. Suppose r + h - 3 = 5*h, 2*r - 3*h - q = 0. List the prime factors of r.
19
Suppose -3*a + 337 = n - 164, 5*a - 2*n = 824. Suppose 5*m + 2*h - a = 5*h, -3*m - 2*h = -111. Suppose -u + m - 13 = 0. What are the prime factors of u?
2, 11
Let f = -7 - -10. Suppose 5 = -2*v - f. What are the prime factors of (-125)/(-20) - (-1)/v?
2, 3
Let o(y) = 5*y**3 - y. What are the prime factors of o(1)?
2
Let m(u) = -u**2 + 10*u - 9. Let s be m(9). Let c be (-6 + -1)*(s - -3). Let d = -7 - c. What are the prime factors of d?
2, 7
Let f = -380 - -633. List the prime factors of f.
11, 23
Suppose 5*k = -4*b + 444, 4*b + 3*k - 6*k - 476 = 0. List the prime factors of b.
2, 29
Let b = -46 + -12. Let g = 106 + b. List the prime factors of g.
2, 3
Let a = 9 + -15. List the prime factors of 110/4 + 3/a.
3
Suppose 0 = -4*a + 5*a - 2. Suppose -28 = -3*l + a*l. List the prime factors of l.
2, 7
Let m(x) be the first derivative of 5*x**2/2 - 17*x + 10. List the prime factors of m(8).
23
Suppose -12*r = -10*r - 14. List the prime factors of r.
7
Suppose 212 - 1250 = -3*h. List the prime factors of h.
2, 173
Suppose 40 = 5*t + 3*h, 2*h = -h + 15. Suppose 4*g + 26 = -0*b + 2*b, g = t*b - 38. List the prime factors of b.
7
Let n = -119 + 126. What are the prime factors of n?
7
Suppose -n = -0*n + 5. Let h(g) = -g**3 - 5*g**2 - g + 7. List the prime factors of h(n).
2, 3
Let q(b) = -b**2 - 7*b + 11. Suppose -5*k = -o + 8, -3*o + 15 - 5 = -k. Let y = -7 + k. List the prime factors of q(y).
3
Suppose -4*c - 139 = -3*j, 46 = 2*j + 5*c - 39. Let d = -25 + j. List the prime factors of d.
2, 5
Suppose 198 - 69 = c. Let s = -86 + c. Let b = s + -29. List the prime factors of b.
2, 7
Let m(r) be the second derivative of 5*r**3/2 + r**2/2 + 3*r. Let k be m(-1). What are the prime factors of (-4)/k + (-66)/(-14)?
5
Let p = 15 - 11. Suppose 4*s - 2*q = -12, -4*s + 0*q - p*q - 12 = 0. Let a = 8 + s. List the prime factors of a.
5
Let w(h) = h**2 - 4*h + 6. Let x be w(4). Let i be x/(4/(2 - 0)). Suppose -5*l = -i*l - 12. List the prime factors of l.
2, 3
Suppose x + 5*k - 166 = 12, 4*x = -2*k + 766. List the prime factors of x.
193
List the prime factors of (-3320)/(-36) + 4/(-18).
2, 23
Let w(r) = -3 - 4 + 14*r - 11*r. What are the prime factors of w(7)?
2, 7
Suppose 0 = -3*x + 6*x + d - 14, 4*d + 24 = 4*x. List the prime factors of x.
5
Let k be (2 - (0 - -2))/1. Let h(z) = z**3 - z + 10. Let u be h(k). Suppose 15 = 5*g - u. What are the prime factors of g?
5
Suppose 0 = 3*g - c - c - 56, 93 = 4*g + c. Let w = g + -11. What are the prime factors of w?
11
Let a(w) = -w**2 - 2*w + 4. Let u be a(-4). What are the prime factors of 57 - 8*u/(-8)?
53
What are the prime factors of ((16/(-10))/(-4))/(2/520)?
2, 13
Let j be (2/4)/((-1)/(-2)). Suppose -5*n + 4 = -j, -3*i = 3*n + 72. Let h = 44 + i. What are the prime factors of h?
19
Let d(o) = -5*o + 2. Let f = -11 - -6. Let g be d(f). What are the prime factors of (-4)/((-12)/g) + -2?
7
Let l = 9 - 15. Let r(o) =